2 - 201*b - 5191. List the prime factors of z(-31).
21221
Let b(h) = 13*h + 84. Let m be b(10). Let u = m + 132. List the prime factors of u.
2, 173
Let u(f) = -5*f**2 + 3*f - 2 + 5*f**2 - 3*f**2 + f**2 + 4*f**3 + f**2. Let i be 0/(-1) - (-4 + 1). List the prime factors of u(i).
2, 53
Let g = -71 + 96. Suppose -3234 = -g*y + 2041. List the prime factors of y.
211
List the prime factors of 954 - 4/(40/90)*32/36.
2, 11, 43
Suppose -3*p = 4*x - 8, 5*x - 1 = -p - 2. Suppose -13 = -u - 5*t, 0*u = u + 4*t - 10. What are the prime factors of (u/x)/((12/149)/6)?
149
Suppose 0 = j - 5*k - 767, 5*k - 3745 = 45*j - 50*j. Let l = 907 + j. What are the prime factors of l?
3, 7, 79
Suppose -4 = -5*f + t + 26, 3*f - 10 = -t. Let b(l) = l - 25*l**2 - 8 + 12*l**2 + f*l**2 + 11*l**2. List the prime factors of b(6).
2, 53
Let g(r) = 106*r**2 + 2*r - 1. Let c be g(1). Suppose v + v = 4*o - 82, -v - c = -5*o. Let h = o - 8. List the prime factors of h.
2, 7
Let u(v) = -100*v - 51. Let a be u(9). Let g = 1359 + a. What are the prime factors of g?
2, 3, 17
Suppose -5 + 5 = -9*l. Suppose l = -k - k + 124. Let f = k - 22. List the prime factors of f.
2, 5
Let q = -68 + 72. Let y(z) = -16*z**2 - 2*z - 2. Let k be y(q). Let n = -17 - k. List the prime factors of n.
3, 83
Let h(w) = -2*w**3 - 3*w**2 + 4*w - 1. Let k = -208 - -203. List the prime factors of h(k).
2, 7, 11
Let q = -43 + 46. What are the prime factors of ((-1746)/(-12))/(q/6)?
3, 97
Let p(v) = v**2 + 16*v + 54. Let z be p(-5). What are the prime factors of 33/(-4)*32/z?
2, 3, 11
Let u(a) = a - 14. Let y be u(14). Suppose y = 3*r + 37 - 184. Suppose -r + 269 = 4*t. What are the prime factors of t?
5, 11
Let j = 145 - 205. Let t = 109 + j. What are the prime factors of t?
7
Let b = 48655 - 33619. List the prime factors of b.
2, 3, 7, 179
Let q(n) = 58*n**3 + 2*n**2 + 4*n + 5. Let m be q(-2). Let l = 952 + m. What are the prime factors of l?
17, 29
Let n be (5 - (0/(-4) + 4))*0. Suppose 4*k - k - 261 = 2*f, 2*k + f - 167 = n. Let y = 279 - k. What are the prime factors of y?
2, 97
Let c(b) = -7*b + 38. Suppose 40 = u + 28. Let t be c(u). Let x = t + 161. What are the prime factors of x?
5, 23
Let t(i) = 530*i - 3249. List the prime factors of t(57).
3, 11, 19, 43
Suppose -165 - 87 = -9*c. Suppose -3171 = c*v - 20335. What are the prime factors of v?
613
Suppose 2*y + 0*y - 374 = -14. List the prime factors of y.
2, 3, 5
Let u be (-29)/116 + 2/(16/50). What are the prime factors of 311 + (u + -9 - 0)?
2, 7, 11
Suppose 457*b = 459*b + 1890. List the prime factors of ((-36)/60)/(3/b).
3, 7
Let u(s) = 222*s**2 - 110*s + 13. List the prime factors of u(17).
3, 19, 1093
What are the prime factors of (53 - 38)/((-3)/(-12) - 3075/12380)?
3, 5, 619
Suppose -5*x + 2*m = -7995, 4*x - 6396 = -34*m + 29*m. List the prime factors of x.
3, 13, 41
Suppose 573*f - 522*f = 43452. List the prime factors of f.
2, 3, 71
Let q = 551 - 374. Let n = q + -62. What are the prime factors of n?
5, 23
Let t(m) = m - 4. Let b be t(7). Suppose 0 = -5*r - 2 - b, -5*l + r = -496. Suppose 0*v + 4*s = -v + 33, s + l = 3*v. What are the prime factors of v?
3, 11
Suppose -25*q + 22*q + 1068 = 0. Let w = 4 + q. List the prime factors of w.
2, 3, 5
Let o = -333 + 335. What are the prime factors of ((-881)/o)/(190/(-20) - -9)?
881
Suppose -3*u + 5651 + 26809 = 3570. List the prime factors of u.
2, 3, 5, 107
Let a(u) = -10*u**3 - 3*u**2 - u - 2. Let s be a(-2). Let y = s + 62. Let f = 192 - y. List the prime factors of f.
2, 31
Let z(s) = 22*s**2 + s + 4. Let b be z(-2). Suppose -4*i + 10*i - b = 0. List the prime factors of (27/i - 1)/(4/30).
2, 3
Suppose 43*x = -3745 - 10402. Let p = -208 - x. List the prime factors of p.
11
Let f be 21*8/(-18)*-21. Suppose 6*b - 240 + 1062 = 0. Let n = b + f. List the prime factors of n.
59
Let h(i) = 33*i**2 - 29*i + 29. What are the prime factors of h(14)?
6091
Let h(n) = n. Let m(q) = -q + 7. Let r(o) = 5*h(o) - m(o). Let b(a) = -a**2 + 5*a - 2. Let t be b(3). What are the prime factors of r(t)?
17
Let w(l) = -12*l - 233. Let r be w(-19). List the prime factors of (70/1)/(-2*r/15).
3, 5, 7
Let g be 797 - 0*5/(-10). Let l = -553 + g. What are the prime factors of l?
2, 61
Let h = 33318 - 5135. List the prime factors of h.
28183
Let h(d) = 15006*d + 633. List the prime factors of h(2).
3, 5, 227
Suppose 4*u + 3*u - 42 = 0. Suppose -f = -u*f - 40. Let x(s) = -s**3 - 9*s**2 - 11*s - 17. List the prime factors of x(f).
7
Suppose 2*s - 69992 = 15*v - 19*v, -52505 = -3*v + 4*s. List the prime factors of v.
3, 19, 307
Suppose -397010 = 23*m + 38*m - 2690427. What are the prime factors of m?
7, 41, 131
Let l = 102 + -94. Suppose 13*t - l*t = 120. List the prime factors of 3/((t/(-244))/(-4 + 0)).
2, 61
What are the prime factors of 9*1/(-1) + -43 + 5305?
3, 17, 103
Let b(w) = 94*w**2 - 10*w - 27. Let v(j) = -j**2 - 4*j + 9. Let u be v(-6). List the prime factors of b(u).
3, 283
Let l(w) = -w**2 + 5*w + 6. Let q be l(6). Let u be (-2 - q)*55 - 16/(-4). Let p = u - -209. What are the prime factors of p?
103
Suppose 0 = -130*d + 62*d - 114245 + 858097. What are the prime factors of d?
10939
Suppose 158*g - 153*g = -10, 0 = 2*a - 2*g - 7024. List the prime factors of a.
2, 3, 5, 13
Suppose -4*o - a + 395 = -464, -5*o + 1055 = -5*a. Let s = o + -130. Suppose 3*u - s = 423. List the prime factors of u.
13
Let q = 0 + -12. Let d be 14 + q + 2 + -2. Suppose -5*u + 349 = -d*p, 5*p - 4*p = -2. What are the prime factors of u?
3, 23
Let n(g) be the first derivative of 3*g**4/4 + 2*g**3 - 21*g**2/2 + 14*g + 162. What are the prime factors of n(7)?
2, 5, 7, 17
Let g = 19 - 25. Let f = 37 - -252. What are the prime factors of (f/51)/((-1)/g)?
2, 17
Suppose 86*k + 222900 = 843390. List the prime factors of k.
3, 5, 13, 37
Let m = -6624 + 14625. List the prime factors of m.
3, 7, 127
Suppose -45*z + 394498 = -58*z. List the prime factors of 4/(-26) - z/26.
3, 389
Let a(o) = 397*o**2 - 62*o - 827. List the prime factors of a(-13).
2, 131
Let w be ((-78)/65)/((-3)/37005). What are the prime factors of (-1)/(-4) - (-5 - w/24)?
2, 311
Let u be 219 - ((-27)/15 + (-1)/5). Let a = u + -125. Let z = a - -9. List the prime factors of z.
3, 5, 7
Let l = -127 - -129. List the prime factors of (976 + 9)*l*(-1)/(-5).
2, 197
What are the prime factors of 2011 - (-13 - -22) - (0 - 7)?
7, 41
Suppose 0 = -6*d + 335 - 245. Let c(v) = v**3 - 14*v**2 + 17*v - 35. List the prime factors of c(d).
5, 89
Suppose -l - l = 21*l - 178089. What are the prime factors of l?
3, 29, 89
Suppose -14 = -8*n - 6. What are the prime factors of (-116 - -1509) + n*2?
3, 5, 31
Suppose 3*w - 9963 = -2*o + 8681, 3*o + 5*w - 27963 = 0. List the prime factors of o.
7, 31, 43
Let n(i) = -11*i**3 + 5*i**2 + 20*i + 83. What are the prime factors of n(-9)?
11, 757
Let u(h) = 535*h - 1505. List the prime factors of u(47).
2, 3, 5, 197
Let c = -29893 - -58104. What are the prime factors of c?
28211
Let w be 6*(-1)/(-8) - 763/(-28). Suppose 0 = -q - 2*l - l - w, -q = -4*l + 7. Let t = q + 26. List the prime factors of t.
7
Let i = 26 - -28. Suppose -6*a - d = -4*a - i, 3*a - 95 = -5*d. Let p(h) = 6*h - 19. List the prime factors of p(a).
131
Let n(j) = 3*j - 1. Let f be n(3). Suppose 5*q - f*q = 42. Let p(g) = g**2 + 12*g + 7. What are the prime factors of p(q)?
5, 7
Let x = 26001 + -8411. List the prime factors of x.
2, 5, 1759
Let z(a) = -85*a**3 + 2*a**2 - 9*a + 6. Let n be z(3). What are the prime factors of (-12)/(-8)*(0 + n/(-9))?
383
Let k(w) = w**2 - 4*w - 530. What are the prime factors of k(-47)?
1867
Suppose 5*r + 5*x - 26965 = 0, 29*r - 5*x - 171659 = -15160. List the prime factors of r.
2, 19, 71
List the prime factors of -6 + (-3 - -1) + 10 + 1150396/26.
2, 5531
Suppose 11*i = 15*i + 264. Let x be (-1 - i) + -1*(-1)/(-1). Suppose 0 = -v + 22 + x. What are the prime factors of v?
2, 43
Let f = -1185 - -677. Let k = f - -844. List the prime factors of k.
2, 3, 7
Suppose 0 = 2*c + 394 - 11486. List the prime factors of c.
2, 47, 59
Let m(l) = -l**3 - l - 1. Let h(v) = -5*v**3 + 23*v**3 + 4*v**3 - v**2 + 6*v + 7. Let f(y) = h(y) + 6*m(y). List the prime factors of f(2).
5
Let o(l) = 8*l + 31*l - l + 6*l - 3 + 46. List the prime factors of o(16).
3, 83
Let v(k) = -k**3 + 